e (0 + 2)/1 + 0. Suppose 2*h = y + 4, y + 0*y - w = 0. Let d(v) = 7*v - h - 6*v + 2. What is d(4)?
3
Let t(h) = -14*h**2 - h - 4. Let g(f) = 15*f**2 + f + 5. Let z(j) = 4*g(j) + 5*t(j). Calculate z(1).
-11
Let c be (0 + (-24)/(-9))*3. Suppose -c*z = -4*z - 16. Let s(r) = r**2 - 2*r + 1. What is s(z)?
9
Suppose -2*u = -5*u + 18. Let f(g) = g**2 - 9*g + 9. Calculate f(u).
-9
Let s(r) = 13*r - 4. Let t(q) = -12*q + 4. Let y(c) = 5*s(c) + 6*t(c). Calculate y(4).
-24
Let h(s) be the first derivative of -3*s**2/2 + 8*s + 37. What is h(-6)?
26
Let w(q) = q - 2. Let h(m) = m + 19. Let t be h(-19). What is w(t)?
-2
Let w(c) be the first derivative of 5*c - 1 + 1/4*c**4 - 3/2*c**2 - 4/3*c**3. Suppose -p - 3*p = -h - 12, 0 = p - h. Determine w(p).
-7
Let x be 3/(0 + -6)*2. Let u be (-6 + 1)*x + -3. Suppose 2*b = -u*b. Let j(w) = -w**2 + w + 3. What is j(b)?
3
Let h(o) = 3*o + 3. Let p(y) = -14*y - 16. Let v(f) = -11*h(f) - 2*p(f). What is v(1)?
-6
Let d(u) = u + 1. Suppose 5*k - i = -10, -3*k + 0*i + 1 = -2*i. Let h be (-4)/6 - (-33)/9. Let n = k + h. Determine d(n).
1
Let s(v) be the third derivative of -v**5/60 - 5*v**4/24 + v**3/3 + 3*v**2. Give s(-3).
8
Let s(k) = 3*k**2 - 1. Suppose 5*b + 7 = p, 8*p - 3*p + 23 = -4*b. Let u be 0 - b - (3 + -5). Let q be u/(-4) + 2*1. Give s(q).
2
Let q(l) be the third derivative of l**4/12 - l**3/6 + 3*l**2. Determine q(3).
5
Let m(p) be the first derivative of -p**3/6 - 9*p**2/2 + 11*p - 7. Let i(o) be the first derivative of m(o). Calculate i(-5).
-4
Let a = -28 - -27. Let f(d) = 12*d + 1. Give f(a).
-11
Suppose -23 = 5*d - 53. Let q(i) be the first derivative of -i**2/2 + 8*i + 2. Let p(c) = c - 9. Let n(k) = d*q(k) + 5*p(k). Calculate n(2).
1
Let f(j) be the first derivative of j**4/4 - 2*j**3/3 - 3*j**2/2 + j - 1. Let v = -7 + 20. Let h be (-2)/8 + v/4. What is f(h)?
1
Let x(r) = -r**2 + 4*r + 6. Let t = 18 + -12. Determine x(t).
-6
Suppose i = -16 + 19. Suppose -3*g + i = -2*g. Let w(r) = -r**3 + 3*r**2 - 3*r + 3. Calculate w(g).
-6
Let x(n) be the second derivative of -n**5/20 + n**4/4 + n**3 - 2*n**2 + n. Let r(b) = b**3 - b**2 + 2*b - 4. Let l be r(2). What is x(l)?
4
Suppose f + 3 = 2*f. Let p(o) = 1 - 3 - o + f*o - 1 + o**2. What is p(-4)?
5
Let w(g) = 5*g**3 - 9*g**2 + 11*g + 1. Let t(v) = 9*v**3 - 17*v**2 + 21*v + 2. Let x(b) = 6*t(b) - 11*w(b). Let k = -16 + 12. Determine x(k).
-3
Let u = -1 + 0. Let c(h) = 5*h**2 - 1. Give c(u).
4
Let v = 13 + -8. Suppose 0 = -v*p + i + 20, -2*p - p = 5*i - 12. Let w(k) = 2 - k + 2*k - 4. What is w(p)?
2
Let r(a) = 3*a + 5. Suppose -12 = -33*p + 36*p. Calculate r(p).
-7
Let n(j) = -7*j - 5. Let t(d) = 6*d + 4. Let r(v) = -5*n(v) - 6*t(v). Calculate r(1).
0
Let l(s) = s**3 + 3*s**2 + 3*s - 4. Let f = -71 + 140. Let h be ((-3)/(-9))/(1/f). Suppose 0 = 5*w - 2*t - 2 + 7, 4*t = -w - h. Give l(w).
-13
Let n(b) = 6*b**2 + 3*b - 5. Let d be (3/2)/((-2)/(-4)). Let r(g) = 3*g**2 + 2*g - 3. Let u(k) = d*n(k) - 5*r(k). What is u(-1)?
4
Let f(t) = 3 - 7 + 8*t - 7*t. Let p(m) = -4*m**3 + 0*m**3 - 3*m + 5*m**3 + 1. Let a be p(2). Give f(a).
-1
Suppose 2*s = -s + 81. Suppose 2*j = 3*c + s + 7, c + 78 = 4*j. Let o be ((-16)/(-10))/(8/j). Let h(b) = b**2 - 3*b - 5. What is h(o)?
-1
Let u be (2/2 - -1)*4. Suppose 4*k + u = 16. Let w(i) = i**2 - 4*i + 3. Determine w(k).
-1
Let n(u) = -2*u + 3. Suppose -5*c + 3*a + 4 + 3 = 0, 2*a = -4*c + 10. Suppose 5*p = -5, 0 = -2*r + 2*p + 3*p + 13. Let f be -1 - r*-2 - c. What is n(f)?
-7
Let r(f) be the third derivative of -f**7/2520 - f**6/144 - f**5/120 + f**4/12 - 3*f**2. Let c(j) be the second derivative of r(j). Determine c(-4).
3
Let u(y) be the second derivative of y**4/12 + y**3/6 + y**2 - 3*y. Let i = -37 - -37. What is u(i)?
2
Let s(q) = 12*q + 5 - 3 - 2*q**2 - 7*q. Let f(a) = -3*a**2 + 9*a + 3. Let r(k) = -4*f(k) + 7*s(k). Let x(o) = o + 1. Let c be x(-3). Determine r(c).
-4
Suppose -6*b = -2*b - 16. Let q = 10 + -6. Let g(v) = v**3 - 4*v**2 - 2*v - 2. Let m(z) = z. Let d(p) = q*m(p) + g(p). What is d(b)?
6
Let y(i) = i**3 + 10*i**2 + 8*i - 12. Let p(a) = -5*a + 31. Let d be p(8). Determine y(d).
-3
Let l(w) = -w + 5 + 5*w - 1. Let b = 7 + -10. Calculate l(b).
-8
Let m(g) be the second derivative of g**5/60 - g**4/24 - g**3/2 - 2*g**2 - 2*g. Let r(p) be the first derivative of m(p). Determine r(3).
3
Let y(t) = t**2 + 6*t - 4. Let o(h) = 4*h**2 - h. Let i be o(1). Suppose i*j + 6 = -6. Determine y(j).
-12
Suppose 5*w - 3*b - 12 = 0, 2*b - 10 = -4*w + 4. Suppose -4*s - 5 = 5*j + s, -24 = -4*j + 3*s. Let v(i) = 0 - 1 - j*i + i**2 + 0. Determine v(w).
-1
Let o(s) = -2*s - 6. Suppose 0 = 5*y + 4*p + 12, y + 5*p = -0*p + 6. Let c be o(y). Let n be 24/10 - c/5. Let k(w) = -w**2 + 6*w - 3. Determine k(n).
5
Suppose 2*o = -2 + 6. Let s(h) = -3*h + o*h + 2 + 0*h. Give s(3).
-1
Let h(b) = -5*b**2 - 11*b + 20. Let q(t) = 2*t**2 + 6*t - 10. Let y(w) = 3*h(w) + 7*q(w). Let x = -45 + 52. Give y(x).
4
Suppose -30*m + 29*m - 6 = 0. Let y(j) = j**2 + 9*j + 8. Calculate y(m).
-10
Let w(a) = -a. Let f(g) = -3*g - 3. Let v(s) = -2*s. Let j be v(1). Let x be f(j). Suppose x*z + z + 4 = 0. Give w(z).
1
Let h(p) = p**2 + 2*p. Let z(n) = 4*n**2 + 6*n - 1. Let o(s) = -7*h(s) + 2*z(s). Let j be o(4). Let q(y) = -6 + j + 2*y. Give q(3).
6
Let s(g) = -g**2 + 4*g - 2. Let o(x) be the first derivative of x**4/4 + 2*x**3 + 2*x**2 + 3*x - 2. Let y be o(-5). Suppose -2*w = 2*w - y. Calculate s(w).
2
Suppose 3*s = 2*b + 12, 5*s - 4 = -3*b + b. Let z(q) = 21*q**2 + 6*q + 11 - 12*q**2 - 2*q**s. Let p(o) = o**2 + o + 1. Let v(a) = 6*p(a) - z(a). What is v(0)?
-5
Let t(s) = -s**3 - 8*s**2 + s + 3. Suppose 5 = -4*n - 5*f - 17, 2*n + 18 = f. Let d be t(n). Let v(z) = z - 1. Calculate v(d).
-6
Let l = -2 + 3. Let y(c) = c**3 + 8*c**2 - 2*c - 1. Let m be y(-8). Let b(q) = -7 - 14*q + m*q + 6 - q**2. What is b(l)?
-1
Suppose g + g = 0. Let o(n) be the second derivative of n**3/6 - 5*n**2 + n. Calculate o(g).
-10
Let q(h) = 4*h**3 + 3*h**2 + 8*h + 4. Let k(p) = -7*p**3 - 7*p**2 - 15*p - 8. Let v(s) = -3*k(s) - 5*q(s). Suppose 0*z + 25 = -5*z. Determine v(z).
4
Let z(n) = -41*n + 8*n**2 + n**3 - 4*n**2 + 40*n. What is z(-3)?
12
Let b(q) = -2*q + 8. Let f(y) = 4*y + 2. Let v be f(1). Calculate b(v).
-4
Let a be (-6 + (1 - -3))/(-2). Let y(v) = 12*v**2 + 2*v - 1. Calculate y(a).
13
Let r(g) be the second derivative of -g**4/12 - g**3/6 + 3*g**2/2 - 2*g. Let z be (-42)/(-98) + 3/(-7). What is r(z)?
3
Let x(t) = t**3 - 2*t**2 - t. Let v(n) = 2*n - 3. Let q be (-4)/(-3) - 2/(-3). Let y be v(q). Let p be (1 + (4 - y))/2. What is x(p)?
-2
Let p = -2 + 7. Let r(c) = 3*c**3 - 4*c**2 - 23*c - 1. Let b(h) = 8*h + 3*h**3 + h**2 + h**3 - 4*h**3 - h**3. Let m(k) = 8*b(k) + 3*r(k). What is m(p)?
-3
Let b = 3 + -1. Let o(h) = 0 + b*h - 1 - 3*h**2 - 3*h. Let m be (-1 + 2 + 0)/(-1). Give o(m).
-3
Let z(p) = -3*p - 1. Suppose -8 - 4 = -2*g - 4*u, 4*g + 5*u = 33. Let t(k) = 5*k**2 - k + 1. Let o be t(1). Suppose -o*r - g = -r. What is z(r)?
8
Let p(s) = -3*s + 9 + 5*s**2 - 9 - 5 + s**3. Give p(-5).
10
Let k(p) = -8*p**2 + 5*p + 7. Let t(a) = 7*a**2 - 5*a - 6. Let s(c) = -6*k(c) - 7*t(c). Determine s(4).
4
Let t(n) = -n - 3. Let y = 167 + -351. Let s be y/18 + (-6)/(-27). Let a be (s/4)/5*6. Calculate t(a).
0
Let m = 6 - 4. Let i(j) = -j**m + 2*j**2 - 5 - j**3 + 3*j - 2*j. Suppose x = 2*y - 3 - 1, y - 2 = 2*x. Give i(x).
-5
Let r(s) = 22*s + 1. Let n(c) = -c. Let a(q) = 5*n(q) + r(q). Give a(1).
18
Let o(v) be the third derivative of 0*v + 5/6*v**3 + 0 + v**2 - 1/60*v**5 - 7/24*v**4. Let f(w) = -w**2 - w + 1. Let y(n) = 2*f(n) - o(n). Determine y(3).
3
Let l(m) = 1 + 2 - 4 - 4*m. Suppose -2*z = f - 0*f - 12, -f = -4*z + 18. What is l(f)?
-9
Let z(c) be the second derivative of 0 - 1/4*c**4 + c**2 - 1/3*c**3 + 1/20*c**5 + 5*c. Determine z(3).
-4
Let d(y) = 9*y**2 - 2*y + 5. Let z(a) = 13*a**2 - 3*a + 7. Let m be -2*(90/(-4))/3. Let i be 6/m - (-23)/5. Let t(x) = i*z(x) - 7*d(x). What is t(2)?
6
Let t be (-13)/(-26) - (-15)/(-2). Let y(z) = z. Calculate y(t).
-7
Let m(v) = -5*v**2 - v. Let o(x) = x**2 + 24*x - 24. Let t be o(-25). Calculate m(t).
-6
Let b(s) be the second derivative of -s**5/20 + s**3/3 - s**2/2 - 4*s - 2. Calculate b(1).
0
Let s(b) = 7*b - 1. Let g(m) = -2*m + 14. Let q be g(6). Su